 of 21648 and 35376.
528
Calculate the greatest common factor of 664501 and 1114.
557
Calculate the highest common factor of 4209 and 2928.
183
What is the highest common factor of 361676 and 56?
28
Calculate the highest common factor of 335328 and 1344.
672
What is the greatest common divisor of 42704 and 16?
16
Calculate the greatest common divisor of 480 and 29840.
80
Calculate the highest common divisor of 1063 and 4061723.
1063
Calculate the highest common divisor of 2022 and 261.
3
What is the highest common divisor of 14880 and 6720?
480
What is the greatest common divisor of 16275 and 42098?
217
What is the greatest common divisor of 5291 and 42735?
407
What is the highest common factor of 2548 and 6292?
52
What is the greatest common divisor of 945 and 16440?
15
Calculate the highest common factor of 4035130 and 110.
110
Calculate the highest common divisor of 595692 and 468.
36
Calculate the highest common divisor of 54 and 23922.
54
Calculate the greatest common divisor of 62 and 26288.
62
Calculate the highest common divisor of 135 and 10965.
15
What is the highest common factor of 13101 and 2343?
33
What is the highest common factor of 626231 and 93?
31
What is the highest common factor of 2356 and 1?
1
Calculate the greatest common factor of 198 and 503778.
66
Calculate the highest common factor of 1240295 and 35.
35
What is the greatest common factor of 928 and 1936?
16
What is the greatest common divisor of 253239 and 5859?
651
Calculate the greatest common factor of 59242 and 3610.
38
What is the highest common factor of 567 and 115290?
189
What is the greatest common divisor of 600 and 88000?
200
What is the highest common factor of 7865 and 195?
65
Calculate the highest common divisor of 78 and 315744.
78
Calculate the greatest common factor of 5916 and 32364.
348
What is the greatest common factor of 4926 and 18?
6
Calculate the greatest common factor of 88452 and 17108.
364
What is the highest common divisor of 41019 and 132?
33
What is the greatest common divisor of 55708 and 76?
76
What is the greatest common factor of 999 and 82029?
111
Calculate the highest common factor of 212 and 68582.
106
Calculate the highest common factor of 3756870 and 2964.
1482
Calculate the greatest common factor of 57187 and 8957.
689
Calculate the greatest common divisor of 46 and 2059765.
23
Calculate the greatest common factor of 12268 and 8.
4
What is the greatest common factor of 480 and 2616?
24
Calculate the highest common divisor of 89754 and 546.
42
What is the highest common factor of 728 and 5978?
14
What is the highest common factor of 117856 and 127?
127
What is the highest common factor of 96509 and 85?
17
Calculate the greatest common factor of 191213 and 517.
11
Calculate the highest common divisor of 329776 and 144.
16
What is the greatest common factor of 714 and 174?
6
What is the highest common divisor of 115 and 113045?
115
What is the greatest common factor of 505 and 49793?
101
Calculate the highest common factor of 624 and 914880.
48
What is the greatest common factor of 5917304 and 16?
8
What is the greatest common factor of 28 and 295351?
7
What is the greatest common divisor of 3853215 and 18?
9
What is the greatest common factor of 236720 and 4720?
80
What is the highest common divisor of 5301 and 15732?
171
What is the highest common divisor of 1940 and 14453?
97
What is the greatest common factor of 11882 and 264146?
914
Calculate the highest common divisor of 205 and 160.
5
Calculate the highest common factor of 1697340 and 90.
30
What is the greatest common factor of 19705 and 2135?
35
What is the highest common factor of 1551 and 2409?
33
What is the highest common factor of 54348 and 2?
2
What is the highest common factor of 127 and 1469390?
127
What is the highest common divisor of 64297 and 2034?
113
Calculate the highest common divisor of 59789 and 272.
17
Calculate the highest common divisor of 48 and 198856.
8
What is the greatest common divisor of 1095 and 150234?
219
What is the greatest common divisor of 7787 and 298901?
599
Calculate the greatest common factor of 1094 and 2345536.
1094
Calculate the greatest common divisor of 464 and 5692120.
232
What is the highest common factor of 14915 and 1727?
157
Calculate the highest common divisor of 413242 and 19142.
1126
Calculate the highest common divisor of 16384 and 96.
32
What is the highest common factor of 24 and 662280?
24
Calculate the greatest common divisor of 1726565 and 1270.
635
What is the greatest common divisor of 2864 and 35392?
16
Calculate the greatest common factor of 270 and 51192.
54
Calculate the greatest common factor of 11349 and 936.
117
What is the greatest common factor of 3633 and 1575?
21
Calculate the highest common divisor of 1056 and 3552.
96
What is the highest common divisor of 3033333 and 71?
71
What is the highest common factor of 126 and 4685?
1
Calculate the highest common factor of 4477 and 7381.
121
Calculate the greatest common factor of 698 and 536413.
349
What is the greatest common divisor of 280088 and 4396?
628
Calculate the highest common divisor of 32900 and 35532.
1316
Calculate the highest common divisor of 352 and 806784.
352
What is the greatest common factor of 348 and 76476?
12
Calculate the greatest common factor of 30116 and 796.
4
Calculate the greatest common divisor of 10716 and 1140.
228
What is the greatest common divisor of 7308 and 84796?
116
What is the highest common divisor of 118416 and 32?
16
Calculate the greatest common factor of 740 and 6280.
20
Calculate the greatest common factor of 952 and 2072.
56
Calculate the highest common divisor of 908111 and 7813.
601
What is the highest common factor of 6315 and 345?
15
Calculate the highest common divisor of 1616 and 2672.
16
Calculate the highest common factor of 22 and 49343.
1
Calculate the greatest common factor of 812 and 350378.
406
Calculate the greatest common divisor of 809751 and 1953.
93
Calculate the greatest common divisor of 425 and 27175.
25
Calculate the greatest common factor of 578 and 1.
1
What is the highest common divisor of 21 and 43841?
7
What is the greatest common divisor of 3 and 4517?
1
Calculate the highest common factor of 208074 and 90.
6
What is the greatest common divisor of 892 and 394487?
223
Calculate the highest common factor of 146049 and 13617.
267
What is the highest common factor of 1972 and 915994?
986
What is the highest common factor of 32 and 1062268?
4
What is the greatest common factor of 23907 and 9?
3
Calculate the greatest common factor of 1104 and 232224.
48
Calculate the highest common factor of 1198 and 4969903.
599
What is the highest common divisor of 101370 and 495?
15
What is the greatest common divisor of 3811 and 22145?
103
Calculate the highest common factor of 4 and 4766.
2
What is the greatest common factor of 247600 and 50?
50
Calculate the greatest common divisor of 741 and 5590.
13
What is the highest common divisor of 395 and 922799?
79
What is the highest common factor of 23638 and 26760?
446
What is the greatest common divisor of 1950 and 600?
150
What is the highest common divisor of 754 and 2288?
26
Calculate the greatest common divisor of 568195 and 76.
19
What is the highest common factor of 58032 and 186?
186
Calculate the greatest common divisor of 1474 and 7772.
134
What is the greatest common factor of 41252 and 4?
4
Calculate the highest common divisor of 3086 and 34.
2
Calculate the greatest common divisor of 1975842 and 180.
18
What is the greatest common factor of 18306 and 72?
18
What is the highest common factor of 3861 and 2288?
143
Calculate the greatest common divisor of 106302 and 162.
6
Calculate the highest common divisor of 1434 and 2166.
6
Calculate the greatest common factor of 5165509 and 6844.
1711
What is the highest common divisor of 249361 and 343?
343
What is the greatest common divisor of 9651 and 33?
3
What is the highest common factor of 15908 and 9676?
164
Calculate the highest common factor of 61754 and 231.
77
Calculate the greatest common factor of 3128 and 5576.
136
Calculate the greatest common factor of 189052 and 7248.
604
What is the greatest common factor of 1434 and 19598?
478
What is the greatest common factor of 872 and 2147